839 - 352. Suppose -3*g + g - 198 = -2*u, 5*u = 3*g + f. Is u prime?
False
Suppose -3*j = -4 + 22. Is j/(-27) - (-3866)/18 composite?
True
Let g be (4/(-6))/((-7)/21). Suppose -2*j - g*z + 424 = -0*j, 3*j - 3*z = 618. Is j prime?
False
Let z be (-6 + 33)*44/6. Let k = z - 69. Is k composite?
True
Let b = -83 + 35. Let x = b - -117. Is x composite?
True
Let o(m) = -m**3 - 4*m**2 + 7*m + 6. Let d be o(-5). Is (-834)/(-10) - d/(-10) a prime number?
True
Let z be 8/12*(-1 + 4). Suppose 3*g + 4*p - 445 = 0, -315 = -z*g + 4*p - 25. Suppose -4*x + g = -x. Is x prime?
False
Let o(v) = -4*v**3 - 16*v**2 - 15*v - 6. Is o(-11) composite?
False
Let p be (1339 - (-1 - -5))*-2. Is (-2)/4 + p/(-4) prime?
False
Let a(g) be the third derivative of 3*g**6/80 + g**5/30 - g**4/12 + 4*g**2. Let c(u) be the second derivative of a(u). Is c(3) a prime number?
False
Suppose -92 = -5*b + 623. Is b a prime number?
False
Let q(j) = 7*j + 16. Let w be q(7). Suppose v + 257 = 6*v - 2*n, -v = 3*n - w. Is v a composite number?
False
Let m(c) = -c - 9. Let x be m(-6). Let y be (x - -2) + (-2)/(-2). Suppose 4*u + 8*p - 136 = 4*p, -3*u + 4*p + 109 = y. Is u prime?
False
Suppose 0 = 5*d - 62 - 1008. Suppose -3*a - 4*c + 49 = -96, -4*a = -5*c - d. Is a composite?
True
Suppose 22 = -2*m + 96. Is m a composite number?
False
Let k(r) be the second derivative of r**5/10 - r**4/6 - r**3/6 + r**2 + 3*r. Let a be k(2). Is (-159)/(-2) - 4/a prime?
True
Let n = 1270 + -635. Is n prime?
False
Let s = -71 - -75. Let u(x) = 1 + 55*x - 3 - 1. Is u(s) prime?
False
Let m(s) = -s**3 - 2*s**2 + 6*s - 2. Is m(-7) prime?
False
Suppose 261 = d - 2*c, 0 = -4*d - 3*c + 1178 - 112. Is d composite?
True
Let b = 3 - 6. Is (-2954)/(-21)*b/(-2) a prime number?
True
Is 2*2*1388/16 a composite number?
False
Suppose 0 = 7*f - 11*f + 1524. Is f a composite number?
True
Let b(a) = 35*a**3 + 3*a**2 - a + 2*a**2 - 4*a**2 + 78*a**3. Let p be b(-2). Is (-4)/6 + p/(-6) a prime number?
True
Let b(y) = -3*y**2 - 5*y**2 + 4*y**3 + 11 - 5*y**3. Is b(-10) composite?
False
Let s = -107 - -171. Suppose 3*j = 479 + s. Is j composite?
False
Suppose 2*s + 0*s = 8, -4*s + 36 = -4*t. Let k(x) = -45*x + 2. Let d be k(t). Suppose 4*p - 249 - d = 0. Is p composite?
True
Let b(x) = -x - 2. Let u be b(-2). Suppose -j + u*j = -69. Is j a prime number?
False
Suppose j + 1 = 4. Suppose -74 = -j*s + s. Is s a composite number?
False
Suppose -16 = -5*i - 1. Suppose -i = 2*u - 3*u. Suppose -87 = 2*w - 5*w - u*d, -21 = -w + d. Is w prime?
False
Is (-12)/9 - (-1 - (-4748)/(-6)) prime?
False
Let a = -3 - -6. Suppose -4*q + 1 - 13 = 0, q + 12 = a*x. Suppose c + 26 = x*c. Is c composite?
False
Suppose -3*c - d = 987 - 304, 5*c - 4*d + 1110 = 0. Let m = c - -364. Suppose 2*t + t = m. Is t prime?
False
Let w be 0/(2 + 2 - 2). Let n be (-9)/(-6)*-2 + 3. Suppose n*k - 3*a - 504 = -3*k, -5*k + 3*a + 830 = w. Is k a composite number?
False
Let s(q) = q**2 + q - 1. Let n be s(2). Suppose -5*o = n*i + 5, -2*o + 7*o = -2*i - 2. Suppose o = -w + 5*j + 29, 2*j = -3*w + j + 55. Is w prime?
True
Is 0 + ((-354)/(-4) - (-9)/18) a composite number?
False
Let c = -412 + 1095. Suppose -4*m + c = -3*y, 693 = 3*m - 4*y + 172. Suppose 0*b = -5*b + 2*i + m, -b + 2*i + 27 = 0. Is b a composite number?
True
Let q(i) be the third derivative of -i**6/120 - i**5/60 + 25*i**3/6 + i**2. Let w be q(0). Suppose 0 = m - 2*u - w, -m - 4*u + 25 = -u. Is m a prime number?
False
Suppose -v = -6*v + 3*u + 350, 2*u = -v + 70. Is 6/(-10) - (-26432)/v prime?
False
Suppose 4 - 12 = -4*j. Suppose 2*c = m - 83, j*c + 606 - 244 = 4*m. Suppose 0 = -3*v - 0*v + m. Is v composite?
False
Suppose -2*g - 2*i + 4*i = 4, -1 = -i. Is g + 54/(-3)*-2 prime?
False
Is (-207991)/(-105) + (-4)/(-30) a prime number?
False
Let h(j) = -3*j**3 + 4*j**2 + j - 1. Let m be h(-6). Suppose -293 = 4*i - m. Is i composite?
True
Let z be 12/(-2)*28/4. Let t = 3 + -8. Let l = t - z. Is l prime?
True
Let h(d) = 3*d - 10. Let j be h(4). Suppose -y = j*y - 759. Is y composite?
True
Let m = -345 - -539. Is m a composite number?
True
Let g(a) = 4*a**2 - 2*a. Let h be g(2). Is h/(1 - -2) - 0 a prime number?
False
Let w(g) = g**3 - g**2 + 2*g - 3. Is w(3) prime?
False
Suppose 25 = 4*y + y. Suppose 4*f - u - 77 = -f, -5*u + 35 = 3*f. Let h = f - y. Is h a composite number?
True
Is (2 - 10/(-6))*15 composite?
True
Let w be (-3)/9 - (-32)/6. Suppose -i = -w*x + 10, 2*i + 0*i - 19 = -3*x. Is (35/(-2))/i*-6 a prime number?
False
Let t(o) = o**2 - 2 - 13*o + o + 17. Let w be t(11). Suppose 14 - 90 = -w*v. Is v prime?
True
Let x = -292 + 1691. Is x prime?
True
Let q = -234 - -553. Is q a composite number?
True
Let f(z) = -3*z + 26. Let r(t) = 5*t - 53. Let j(o) = 9*f(o) + 4*r(o). Is j(-9) a composite number?
True
Is 700/2 - (4 - 1) prime?
True
Let p(i) = -14*i**3 + 1. Let f = -5 - -3. Is p(f) a prime number?
True
Suppose -408 + 32 = -2*d + 5*y, 0 = -4*y - 16. Suppose -3*w + 3*r + 98 + d = 0, 2*w - 180 = -2*r. Is w composite?
True
Suppose -2*p + 189 = o, -o + 192 = -p + 4*p. Suppose -2*r - 5*l + 14 = -o, 4*r = l + 361. Is r a composite number?
True
Suppose 5*d = -0*d + 1735. Suppose -116 = 3*s - d. Is s prime?
False
Suppose 0 = -5*f - 1056 + 4771. Is f a composite number?
False
Let j(q) = q**3 + q + 53. Is j(0) a composite number?
False
Let w(k) = 33*k**2 + 2*k + 3. Let s(j) = j**2 + 4*j - 7. Let r be s(-6). Suppose -r*c = 4*d + 23, c = 4*d - 2*c - 1. Is w(d) prime?
True
Let q(b) = b - 1. Let l be q(2). Suppose -4*i + 399 = -l. Suppose 0 = -2*a + 58 + i. Is a a composite number?
False
Let v(p) be the third derivative of p**6/120 - p**5/15 - 5*p**4/24 + p**3/6 - p**2. Let z be v(5). Is z/(-1) - (1 - 21) a composite number?
False
Let x = -2 - -7. Suppose -4 = -x*p + 6, 0 = 3*r - 4*p - 319. Is r prime?
True
Suppose -3*w + 3 = 0, 0 = 4*p - 9*p + w + 484. Is p composite?
False
Suppose 0 = 5*q + r - 126 + 26, -3*q = 3*r - 72. Let n = q - 5. Let c = 29 - n. Is c composite?
True
Suppose -b + 33 = -26. Is b prime?
True
Let p = -51 + 77. Suppose 0 = -3*m - h + 295, -p = -m + h + 67. Is m a prime number?
True
Suppose -2*a = -3*i + 1527, 0 = -i - 5*a + 167 + 359. Is i prime?
False
Let l(a) = 46*a - 9. Let s be l(-8). Let j = 844 + s. Is j a composite number?
False
Let f be -4*1/(-1) - 2. Let a = f - 2. Suppose -4*k = -2*t + 94, a = 2*t - 0*k - 2*k - 96. Is t a composite number?
True
Let q = 107 + -22. Suppose h = 70 + q. Suppose g + h = 6*g. Is g prime?
True
Suppose 2*q + 5*n - 293 = -q, 0 = -4*n - 20. Suppose 12*u - 57 - 111 = 0. Suppose 4*l + u = q. Is l composite?
False
Let b be (-15)/(-2) - (-1)/(-2). Let w(l) = l**2 - 7*l + 6. Is w(b) a prime number?
False
Let n = -11 + 6. Let f be (6 - 5)/((-1)/n). Suppose 5*q - 300 = f*c, -5*q - 3*c - 310 = -10*q. Is q a composite number?
True
Let z(w) = 19*w**3 + 4*w**2 + 6*w - 1. Let o be z(4). Suppose m = 5*y + 5*m - o, 2*y + 3*m - 524 = 0. Is y a composite number?
True
Let h = -5 - -47. Suppose 2*t = -0*t + h. Is t a composite number?
True
Let x(v) = -v**2 + 5*v + 3. Let r be x(6). Is ((-388)/12 - -1)*r a composite number?
True
Let a(s) = -3*s + 2*s + 9 + 1. Suppose -4*g = -g. Is a(g) prime?
False
Let y be 0/(-2) + (-3000)/(-6). Let v = 721 - y. Is v a composite number?
True
Let z = 469 + -290. Is z a composite number?
False
Let t(h) = h + 12. Let z be 60/(-9)*3/2. Let r be t(z). Suppose r*p = 3*p - 13. Is p composite?
False
Let j = 554 - 355. Is j a composite number?
False
Suppose -18*x + 172 = -16*x. Is x prime?
False
Let i = 617 + -208. Is i prime?
True
Let b(k) = 30*k + 2. Suppose -5*x = -o + 3 + 1, 0 = -x. Is b(o) composite?
True
Let l = 1 - 10. Let i(z) = -z**3 - 7*z**2 + 5*z - 4. Is i(l) a composite number?
False
Let o = 143 + -66. Is o prime?
False
Let r = -24 - -27. Suppose r*f + 4*j - 1893 = j, -4*f - 2*j = -2524. Is f a prime number?
True
Suppose -119 = r - 5*n, n = 4*r - n + 494. Let b = -65 - r. Is b composite?
False
Suppose v - 4*o = 260, -o = -v - 3*o + 272. Let q = -73 - -38. Let d = q + v. Is d prime?
True
Let a = -47 - 65. Is (-6)/(-9) + a/(-3) prime?
False
Let r(y) = -y**2 + y + 2. Let k be r(2). Let j be 2 + (3 + -3 - 0). Suppose k = s + 3*x - 23, 69 = s + j*s + 4*x. Is s prime?
True
Suppose -2*b = -358 - 748. Is b a prime number?
False
Suppose -2*v = v - 108. Let x = -17